he hundred thousands digit of 199359322?
3
What is the hundreds digit of 673839329?
3
What is the thousands digit of 42562675?
2
What is the ten thousands digit of 341339054?
3
What is the tens digit of 274947017?
1
What is the hundred millions digit of 319212471?
3
What is the hundreds digit of 44411265?
2
What is the tens digit of 1394005310?
1
What is the billions digit of 1511808018?
1
What is the tens digit of 194916618?
1
What is the hundreds digit of 409528859?
8
What is the ten millions digit of 4096053834?
9
What is the units digit of 32401314?
4
What is the units digit of 1671801484?
4
What is the millions digit of 2406166727?
6
What is the thousands digit of 268370302?
0
What is the millions digit of 91117966?
1
What is the thousands digit of 429258534?
8
What is the ten millions digit of 33636700?
3
What is the ten millions digit of 5818324455?
1
What is the units digit of 444879388?
8
What is the ten thousands digit of 55848746?
4
What is the tens digit of 983315097?
9
What is the tens digit of 6818582320?
2
What is the millions digit of 4980541558?
0
What is the ten millions digit of 1117182315?
1
What is the millions digit of 1077910434?
7
What is the millions digit of 2540529637?
0
What is the ten thousands digit of 1060602196?
0
What is the ten thousands digit of 2224421012?
2
What is the thousands digit of 385422210?
2
What is the ten thousands digit of 123157123?
5
What is the tens digit of 42155679?
7
What is the tens digit of 70878061?
6
What is the ten millions digit of 134550615?
3
What is the ten thousands digit of 6109194185?
9
What is the millions digit of 555710410?
5
What is the ten thousands digit of 1302149147?
4
What is the tens digit of 2763025511?
1
What is the tens digit of 33637016?
1
What is the units digit of 38269283?
3
What is the millions digit of 2535090895?
5
What is the units digit of 19847042?
2
What is the ten millions digit of 2698481066?
9
What is the ten millions digit of 868533750?
6
What is the millions digit of 2199866170?
9
What is the tens digit of 2496423629?
2
What is the hundreds digit of 2450635?
6
What is the ten thousands digit of 135207520?
0
What is the tens digit of 93044488?
8
What is the ten millions digit of 505260776?
0
What is the hundred thousands digit of 106752091?
7
What is the hundreds digit of 82776109?
1
What is the hundred thousands digit of 332159134?
1
What is the ten thousands digit of 194445197?
4
What is the millions digit of 66845161?
6
What is the hundred millions digit of 3311673372?
3
What is the tens digit of 135819424?
2
What is the units digit of 2606187409?
9
What is the thousands digit of 271200142?
0
What is the millions digit of 12150931?
2
What is the tens digit of 60634380?
8
What is the tens digit of 161259571?
7
What is the tens digit of 4034900551?
5
What is the hundreds digit of 20555669?
6
What is the units digit of 41390085?
5
What is the hundreds digit of 863857507?
5
What is the hundreds digit of 154114254?
2
What is the ten thousands digit of 74301981?
0
What is the millions digit of 147478998?
7
What is the hundreds digit of 80996997?
9
What is the millions digit of 66032766?
6
What is the hundred millions digit of 115924554?
1
What is the hundred thousands digit of 226642460?
6
What is the ten millions digit of 2147928136?
4
What is the ten millions digit of 884906913?
8
What is the tens digit of 84967488?
8
What is the millions digit of 6470181028?
0
What is the billions digit of 1195350073?
1
What is the ten thousands digit of 1745744471?
4
What is the hundred thousands digit of 33929126?
9
What is the thousands digit of 343398112?
8
What is the thousands digit of 352846733?
6
What is the units digit of 82513092?
2
What is the tens digit of 27053677?
7
What is the thousands digit of 10640245?
0
What is the tens digit of 6175237097?
9
What is the tens digit of 382390937?
3
What is the ten thousands digit of 825036328?
3
What is the units digit of 722036?
6
What is the ten thousands digit of 7356300?
5
What is the tens digit of 424989478?
7
What is the hundreds digit of 14998777?
7
What is the ten thousands digit of 1397047779?
4
What is the hundred millions digit of 7194088678?
1
What is the hundred thousands digit of 78380719?
3
What is the ten millions digit of 1098362056?
9
What is the hundred millions digit of 4036719694?
0
What is the hundred thousands digit of 1553619854?
6
What is the billions digit of 3648425329?
3
What is the thousands digit of 754614251?
4
What is the units digit of 83121026?
6
What is the hundred thousands digit of 282604422?
6
What is the units digit of 14713218?
8
What is the ten millions digit of 51767529?
5
What is the ten millions digit of 86801834?
8
What is the ten thousands digit of 167353370?
5
What is the units digit of 88288611?
1
What is the units digit of 184453744?
4
What is the ten millions digit of 125687252?
2
What is the ten millions digit of 4806521145?
0
What is the tens digit of 734616558?
5
What is the millions digit of 2522036?
2
What is the tens digit of 34587287?
8
What is the ten millions digit of 4071955591?
7
What is the ten thousands digit of 2677678378?
7
What is the hundreds digit of 175611908?
9
What is the tens digit of 473214478?
7
What is the thousands digit of 304655331?
5
What is the hundreds digit of 17644542?
5
What is the ten thousands digit of 2562141355?
4
What is the hundred millions digit of 104890381?
1
What is the hundred millions digit of 412600853?
4
What is the millions digit of 1569166356?
9
What is the tens digit of 276344516?
1
What is the tens digit of 44780285?
8
What is the ten millions digit of 109830868?
0
What is the tens digit of 7464959909?
0
What is the thousands digit of 5558675983?
5
What is the thousands digit of 2335588?
5
What is the units digit of 1526277351?
1
What is the hundred thousands digit of 1314490855?
4
What is the ten millions digit of 79500867?
7
What is the ten thousands digit of 84998326?
9
What is the ten millions digit of 7172175450?
7
What is the ten millions digit of 235771884?
3
What is the ten millions digit of 97419084?
9
What is the ten thousands digit of 537658738?
5
What is the billions digit of 6344567413?
6
What is the ten millions digit of 11469433?
1
What is the tens digit of 176145217?
1
What is the ten thousands digit of 20528748?
2
What is the units digit of 134866809?
9
What is the ten thousands digit of 2384913734?
1
What is the units digit of 181736610?
0
What is the hundred thousands digit of 2969401206?
4
What is the units digit of 172746462?
2
What is the units digit of 1275672307?
7
What is the ten millions digit of 24913053?
2
What is the hundreds digit of 606705714?
7
What is the hundred millions digit of 167853684?
1
What is the tens digit of 43708910?
1
What is the billions digit of 4114724133?
4
What is the units digit of 44018347?
7
What is the hundreds digit of 35350778?
7
What is the hundreds digit of 586743084?
0
What is the millions digit of 588355894?
8
What is the ten millions digit of 32802093?
3
What is the units digit of 55578871?
1
What is the tens digit of 34281376?
7
What is the hundred thousands digit of 9499603?
4
What is the ten millions digit of 1053746393?
5
What is the ten millions digit of 2024780632?
2
What is the tens digit of 2412469716?
1
What is the ten millions digit of 6963210303?
6
What is the hundred millions digit of 2370692912?
3
What is the tens digit of 477977242?
4
What is the hundred thousands digit of 1383193512?
1
What is the hundred thousands digit of 4085680753?
6
What is the tens digit of 197274339?
3
What is the ten millions digit of 84644880?
8
What is the ten millions digit of 8764198543?
6
What is the hundred millions digit of 1394980012?
3
What is the ten thousands digit of 47432170?
3
What is the hundred thousands digit of 37954972?
9
What is the units digit of 30139455?
5
What is the hundred thousands digit of 15052855?
0
What is the hundred millions digit of 119706523?
1
What is the hundred millions digit of 3494118010?
4
What is the hundred thousands digit of 286707753?
7
What is the thousands digit of 120447317?
7
What is the ten thousands digit of 2525566455?
6
What is the ten millions digit of 2817242778?
1
What is the thousands digit of 128044274?
